mainder when w is divided by 7.
6
Let h = -13 + 5. Let k(b) = -b**2 - 16*b - 6. Let r be k(h). Suppose 0*p = -2*p + r. What is the remainder when p is divided by 10?
9
Suppose -6*t - 15 = -o - t, -2*o = -4*t - 18. What is the remainder when 29 is divided by o?
4
Let k(o) = -2*o**2 - 9*o + 10. Let j be k(-7). Let m = j + 41. Let y = -68 - -98. What is the remainder when y is divided by m?
14
Let k = 47 + -31. Let y be (1 - -1)/((-2)/(-4)). Suppose 0 = y*b + 2 - 38. Calculate the remainder when k is divided by b.
7
Let u(i) = -i**2 - 2*i - 2. Let w = 4 + 0. Let g be u(w). Let r = g - -46. What is the remainder when r is divided by 7?
6
Calculate the remainder when 130 is divided by (4 + (-28 - -5))/(-1).
16
Let c(s) = 2*s**2 - s - 2. Let l be c(2). Suppose -i + 47 = 5*h, 0 = -l*i - 0*h - 4*h + 108. Calculate the remainder when i is divided by 8.
6
Let z be 0/((1 + 1)/(-2)). Calculate the remainder when 15 is divided by 1/(-2)*(z + -8).
3
Suppose 0 = -4*m - 136 + 364. What is the remainder when m is divided by 21?
15
Let s(k) = -6*k - 11. Let m(t) = t**2 - t + 55. Calculate the remainder when m(0) is divided by s(-5).
17
Calculate the remainder when (-5)/(5/(-22))*1 is divided by 7.
1
Let h(a) = 8*a**2 + a + 1. Let c be h(3). Suppose 49 = 5*k - c. What is the remainder when k is divided by 13?
12
Suppose -3*n - 10 - 11 = 4*q, -4*n = -2*q + 6. What is the remainder when 5/(-15) + (-37)/q is divided by 7?
5
Let w = -12 + 31. Let r = w + -13. Let n(v) = -v**3 + 4*v**2 + 8*v - 5. What is the remainder when n(5) is divided by r?
4
Let o(v) = v**3 + 3*v**2 - 3*v - 3. Let l(h) = 3*h + 1. What is the remainder when l(3) is divided by o(-3)?
4
Suppose 4*t - 105 = -5*h - 18, -36 = -3*h + 3*t. Calculate the remainder when 26 is divided by h.
11
Suppose -40 = -5*u - 3*y, 3*u + y = 5*u - 16. Let k = u - 6. Calculate the remainder when 6 is divided by k.
0
Let o = 52 + -33. What is the remainder when 36 is divided by o?
17
Let u(z) be the second derivative of 4*z**3/3 + z**2/2 + 2*z. Let q be u(1). Suppose -4*m - q = -73. Calculate the remainder when m is divided by 6.
4
Suppose 15 = -2*c + 7*c. Suppose -c*y = -0 - 3. Calculate the remainder when y is divided by (-1)/(-1 - (0 - 0)).
0
Suppose -5*k + 0*k = -30. What is the remainder when 15 is divided by k?
3
Let h = -78 + 239. Suppose 0 = -4*m + 31 + h. Suppose -3*b - m = -135. Calculate the remainder when b is divided by 15.
14
Suppose 4*y - 1 = 3*t, 2*y + 17 = -2*t + t. Let c(k) = -k - 4. What is the remainder when 5 is divided by c(t)?
2
Let d(g) = -6*g - 15. Calculate the remainder when d(-20) is divided by 36.
33
Suppose 0 = -v - g - 2*g - 2, -8 = 4*v - 5*g. Let s(b) = -b**3 + 7*b**2 + 4*b - 6. What is the remainder when 2/6*v*-63 is divided by s(7)?
20
Suppose -12 - 8 = -2*l. Calculate the remainder when l is divided by 6.
4
Suppose -15*l + 1045 = -365. Calculate the remainder when l is divided by 20.
14
Suppose 4*x = 10 - 2. Let o = x - -3. Calculate the remainder when 7 is divided by o.
2
Suppose 4*u = u + 21. Let r be 3 + -5 + -1 + -1. Let y(k) = 3*k**2 + 7*k + 6. Calculate the remainder when y(r) is divided by u.
5
Suppose 12 = -2*h + 6*h, -130 = -2*o + 4*h. Let k be 148/2*(-1)/2. Let s = k + o. Calculate the remainder when s is divided by 12.
10
Let a(l) = -l**2 + 12*l - 3. What is the remainder when 22 is divided by a(11)?
6
Let q = 2 - -1. Suppose -q*z + 13 - 34 = -3*a, -z - 5 = 0. What is the remainder when a is divided by 1?
0
What is the remainder when 30 is divided by 4 + 4 + -4 - -3?
2
Suppose 0 = -2*g - 46 + 148. Calculate the remainder when g is divided by 18.
15
Let y(d) = -7*d - 18. Let i be y(-8). Suppose -4*k = -82 - i. What is the remainder when 59 is divided by k?
29
Suppose 22 = j + 3*m, -4*j + 4*m - m + 88 = 0. Let s(u) = 4*u - 2. What is the remainder when j is divided by s(2)?
4
Suppose 3*d + 6 = 0, 3*o = -d + 27 + 10. What is the remainder when 48 is divided by o?
9
Suppose -3*y + z + 0*z = -24, 42 = 5*y - z. Suppose -j + y = -0*j. What is the remainder when 34 is divided by j?
7
Let v be 2*(-3)/(-9)*177. Let g = v + -83. Calculate the remainder when g is divided by 12.
11
Let f(i) = -2*i - 2. Let d be f(-5). Suppose -5*r + 3 - 15 = 3*u, 2*u - 3*r = -d. Calculate the remainder when 42 is divided by (22/u)/(3/(-6)).
9
Let x(b) = b - 2. Let v(g) = 1. Let s(r) = -3*v(r) - x(r). Calculate the remainder when 11 is divided by s(-8).
4
Suppose 0*t = 3*t - 15. Let f be (2 - 3) + t + 1. Let h = -4 + f. What is the remainder when 2 is divided by h?
0
Let x(h) = h**3 - 4*h**2 - 4. Let q be x(4). Let o(b) = -3*b + 3. Let a(k) = -k**3 + k**2 + 3*k + 1. What is the remainder when a(-3) is divided by o(q)?
13
Suppose -p - p = -12. What is the remainder when 8/3*(7 + -1) is divided by p?
4
Suppose -w + 3*w + 32 = 0. Let r be 4/(-6) - w/6. Suppose j - r = 4. Calculate the remainder when 16 is divided by j.
4
Let j = -22 + 26. Calculate the remainder when 6 is divided by j.
2
Let l(q) = q**3 + q. Suppose -3*u - 6 = -4*u. Let y = -5 + u. What is the remainder when 5 is divided by l(y)?
1
Suppose 29 + 25 = 6*l. What is the remainder when 51 is divided by l?
6
Let i be (-2)/1 + 3 + 2. Let m(o) = -2*o**3 + 4 - 1 + 4*o**2 + o**3. What is the remainder when 23 is divided by m(i)?
11
Let o = 24 + -10. What is the remainder when o is divided by 3 - 0 - 4/(-2)?
4
Suppose 3*f - 2*h - 192 = -f, -4*f = 3*h - 192. Suppose 203 = 5*w + f. Calculate the remainder when w is divided by 18.
13
Let i(t) = -t + 5. Suppose 5*w = 8*w - 63. What is the remainder when w is divided by i(-6)?
10
Suppose 11 = w - 3. Calculate the remainder when 41 is divided by w.
13
Let o(j) = j**2 + j + 4. Suppose 5*r = 13 + 52. What is the remainder when o(4) is divided by r?
11
Suppose 0 = 3*u - b - 90, -4*u - b + 120 = 2*b. Calculate the remainder when u is divided by 11.
8
Let l(w) = -5*w - 16. Calculate the remainder when l(-13) is divided by 25.
24
Let o(m) = -m**2 + 7*m + 6. What is the remainder when 34 is divided by o(6)?
10
Let x(u) = -2*u - 2. Suppose 0 + 27 = -3*q. Calculate the remainder when x(q) is divided by 9.
7
Let i(x) = -4*x**2 - x + 1. Let o be i(1). Let g(y) = -y**2 - 11*y + 2. What is the remainder when g(-8) is divided by (-18)/o*4/2?
8
Suppose -3*k + 8 + 4 = r, -3 = -2*k + r. What is the remainder when 5 is divided by k?
2
Let a = 7 + -2. Suppose -2*k - 44 = -5*k - a*i, -3 = -k - 4*i. Suppose k - 76 = -d. What is the remainder when d is divided by 18?
17
Let g = 89 + -58. Calculate the remainder when g is divided by 11.
9
Let x(w) = -w**3 - 2*w**2 - 2*w - 3. Let o(n) = n**2 - 2*n + 4. Calculate the remainder when x(-3) is divided by o(3).
5
What is the remainder when 5/(-10)*2 + 63 is divided by 188/12 - 2/(-6)?
14
Let l = -7 - -13. Let g = -4 + l. What is the remainder when g is divided by 1?
0
What is the remainder when 44 is divided by (-4)/(-5) + (-546)/(-30) + 5?
20
Let w(c) be the third derivative of c**4/3 - c**3/6 + c**2. What is the remainder when 44 is divided by w(2)?
14
Suppose 5*j - 17 - 8 = 0. Suppose -p = -18 - j. Calculate the remainder when p is divided by 8.
7
Suppose 0 = -d - d + 4. Suppose 0 = -7*k + 159 + 2. Calculate the remainder when (-3)/d*(-5 - 25) is divided by k.
22
Suppose 7*g - 18 = 5*g. Suppose 0 = 2*s + 5*l + 15, -s + 40 = 2*s - 5*l. Calculate the remainder when g is divided by s.
4
Let l(t) = 9*t - 7. Suppose 18 + 8 = 2*y. What is the remainder when l(5) is divided by y?
12
Suppose 2*b - 8 = 10. Calculate the remainder when b is divided by 2.
1
Suppose -5*n + 15 = -0*n, 5*n + 93 = 4*a. Calculate the remainder when a is divided by 10.
7
Let q(s) = -4 + 0 + 3 + 43*s**2 + 2. Calculate the remainder when q(1) is divided by 9.
8
What is the remainder when 30 is divided by 15 + (2 - 3 - 3)?
8
Suppose 5*y + 10 = 65. Calculate the remainder when 53 is divided by y.
9
Suppose 0 = -2*k + k - 2. Suppose 3*q - 22 = -3*b + 5*q, b - q = 8. Let m = k + b. What is the remainder when m is divided by 2?
0
Let i(l) = -l**2 - 18*l - 7. Calculate the remainder when i(-9) is divided by 25.
24
Let a(m) = 5*m + 1. Let i be a(-1). Let v = 7 + i. Let y(o) = -o**3 + 3*o**2 + 2*o + 1. What is the remainder when y(v) is divided by 5?
2
Let c(g) = 3*g**3 - 2*g**2 - 5*g + 2. Let t be c(3). Suppose -2*o + t =